{"id":53,"date":"2021-10-22T14:14:38","date_gmt":"2021-10-22T12:14:38","guid":{"rendered":"http:\/\/crmvt.c18.fr\/strasbourg-nancy\/?page_id=53"},"modified":"2024-10-15T11:47:04","modified_gmt":"2024-10-15T09:47:04","slug":"accueil","status":"publish","type":"page","link":"https:\/\/crmvt.fr\/strasbourg-nancy\/","title":{"rendered":"Accueil"},"content":{"rendered":"","protected":false},"excerpt":{"rendered":"","protected":false},"author":1,"featured_media":0,"parent":0,"menu_order":0,"comment_status":"closed","ping_status":"closed","template":"","meta":[],"yoast_head":"<!-- This site is optimized with the Yoast SEO plugin v18.2 - https:\/\/yoast.com\/wordpress\/plugins\/seo\/ -->\n<title>Centres de R\u00e9f\u00e9rence des Maladies Vectorielles li\u00e9es aux Tiques - CRMVT<\/title>\n<meta name=\"description\" content=\"Prise en charge des maladies vectorielles li\u00e9es aux tiques CRMVT du Grand Est - Strasbourg \/ Nancy\" \/>\n<meta name=\"robots\" content=\"index, follow, max-snippet:-1, max-image-preview:large, max-video-preview:-1\" \/>\n<link rel=\"canonical\" href=\"https:\/\/crmvt.fr\/strasbourg-nancy\/\" \/>\n<meta property=\"og:locale\" content=\"fr_FR\" \/>\n<meta property=\"og:type\" content=\"article\" \/>\n<meta property=\"og:title\" content=\"Centres de R\u00e9f\u00e9rence des Maladies Vectorielles li\u00e9es aux Tiques - CRMVT\" \/>\n<meta property=\"og:description\" content=\"Prise en charge des maladies vectorielles li\u00e9es aux tiques CRMVT du Grand Est - Strasbourg \/ Nancy\" \/>\n<meta property=\"og:url\" content=\"https:\/\/crmvt.fr\/strasbourg-nancy\/\" \/>\n<meta property=\"og:site_name\" content=\"CRMVT Grand Est\" \/>\n<meta property=\"article:modified_time\" content=\"2024-10-15T09:47:04+00:00\" \/>\n<meta name=\"twitter:card\" content=\"summary_large_image\" \/>\n<script type=\"application\/ld+json\" class=\"yoast-schema-graph\">{\"@context\":\"https:\/\/schema.org\",\"@graph\":[{\"@type\":\"WebSite\",\"@id\":\"https:\/\/crmvt.fr\/strasbourg-nancy\/#website\",\"url\":\"https:\/\/crmvt.fr\/strasbourg-nancy\/\",\"name\":\"CRMVT Grand Est\",\"description\":\"\",\"potentialAction\":[{\"@type\":\"SearchAction\",\"target\":{\"@type\":\"EntryPoint\",\"urlTemplate\":\"https:\/\/crmvt.fr\/strasbourg-nancy\/?s={search_term_string}\"},\"query-input\":\"required name=search_term_string\"}],\"inLanguage\":\"fr-FR\"},{\"@type\":\"WebPage\",\"@id\":\"https:\/\/crmvt.fr\/strasbourg-nancy\/#webpage\",\"url\":\"https:\/\/crmvt.fr\/strasbourg-nancy\/\",\"name\":\"Centres de R\u00e9f\u00e9rence des Maladies Vectorielles li\u00e9es aux Tiques - CRMVT\",\"isPartOf\":{\"@id\":\"https:\/\/crmvt.fr\/strasbourg-nancy\/#website\"},\"datePublished\":\"2021-10-22T12:14:38+00:00\",\"dateModified\":\"2024-10-15T09:47:04+00:00\",\"description\":\"Prise en charge des maladies vectorielles li\u00e9es aux tiques CRMVT du Grand Est - Strasbourg \/ Nancy\",\"breadcrumb\":{\"@id\":\"https:\/\/crmvt.fr\/strasbourg-nancy\/#breadcrumb\"},\"inLanguage\":\"fr-FR\",\"potentialAction\":[{\"@type\":\"ReadAction\",\"target\":[\"https:\/\/crmvt.fr\/strasbourg-nancy\/\"]}]},{\"@type\":\"BreadcrumbList\",\"@id\":\"https:\/\/crmvt.fr\/strasbourg-nancy\/#breadcrumb\",\"itemListElement\":[{\"@type\":\"ListItem\",\"position\":1,\"name\":\"Accueil\",\"item\":\"https:\/\/crmvt.fr\/strasbourg-nancy\/\"},{\"@type\":\"ListItem\",\"position\":2,\"name\":\"Accueil\"}]}]}<\/script>\n<!-- \/ Yoast SEO plugin. -->","yoast_head_json":{"title":"Centres de R\u00e9f\u00e9rence des Maladies Vectorielles li\u00e9es aux Tiques - CRMVT","description":"Prise en charge des maladies vectorielles li\u00e9es aux tiques CRMVT du Grand Est - Strasbourg \/ Nancy","robots":{"index":"index","follow":"follow","max-snippet":"max-snippet:-1","max-image-preview":"max-image-preview:large","max-video-preview":"max-video-preview:-1"},"canonical":"https:\/\/crmvt.fr\/strasbourg-nancy\/","og_locale":"fr_FR","og_type":"article","og_title":"Centres de R\u00e9f\u00e9rence des Maladies Vectorielles li\u00e9es aux Tiques - CRMVT","og_description":"Prise en charge des maladies vectorielles li\u00e9es aux tiques CRMVT du Grand Est - Strasbourg \/ Nancy","og_url":"https:\/\/crmvt.fr\/strasbourg-nancy\/","og_site_name":"CRMVT Grand Est","article_modified_time":"2024-10-15T09:47:04+00:00","twitter_card":"summary_large_image","schema":{"@context":"https:\/\/schema.org","@graph":[{"@type":"WebSite","@id":"https:\/\/crmvt.fr\/strasbourg-nancy\/#website","url":"https:\/\/crmvt.fr\/strasbourg-nancy\/","name":"CRMVT Grand Est","description":"","potentialAction":[{"@type":"SearchAction","target":{"@type":"EntryPoint","urlTemplate":"https:\/\/crmvt.fr\/strasbourg-nancy\/?s={search_term_string}"},"query-input":"required name=search_term_string"}],"inLanguage":"fr-FR"},{"@type":"WebPage","@id":"https:\/\/crmvt.fr\/strasbourg-nancy\/#webpage","url":"https:\/\/crmvt.fr\/strasbourg-nancy\/","name":"Centres de R\u00e9f\u00e9rence des Maladies Vectorielles li\u00e9es aux Tiques - CRMVT","isPartOf":{"@id":"https:\/\/crmvt.fr\/strasbourg-nancy\/#website"},"datePublished":"2021-10-22T12:14:38+00:00","dateModified":"2024-10-15T09:47:04+00:00","description":"Prise en charge des maladies vectorielles li\u00e9es aux tiques CRMVT du Grand Est - Strasbourg \/ Nancy","breadcrumb":{"@id":"https:\/\/crmvt.fr\/strasbourg-nancy\/#breadcrumb"},"inLanguage":"fr-FR","potentialAction":[{"@type":"ReadAction","target":["https:\/\/crmvt.fr\/strasbourg-nancy\/"]}]},{"@type":"BreadcrumbList","@id":"https:\/\/crmvt.fr\/strasbourg-nancy\/#breadcrumb","itemListElement":[{"@type":"ListItem","position":1,"name":"Accueil","item":"https:\/\/crmvt.fr\/strasbourg-nancy\/"},{"@type":"ListItem","position":2,"name":"Accueil"}]}]}},"_links":{"self":[{"href":"https:\/\/crmvt.fr\/strasbourg-nancy\/wp-json\/wp\/v2\/pages\/53"}],"collection":[{"href":"https:\/\/crmvt.fr\/strasbourg-nancy\/wp-json\/wp\/v2\/pages"}],"about":[{"href":"https:\/\/crmvt.fr\/strasbourg-nancy\/wp-json\/wp\/v2\/types\/page"}],"author":[{"embeddable":true,"href":"https:\/\/crmvt.fr\/strasbourg-nancy\/wp-json\/wp\/v2\/users\/1"}],"replies":[{"embeddable":true,"href":"https:\/\/crmvt.fr\/strasbourg-nancy\/wp-json\/wp\/v2\/comments?post=53"}],"version-history":[{"count":1,"href":"https:\/\/crmvt.fr\/strasbourg-nancy\/wp-json\/wp\/v2\/pages\/53\/revisions"}],"predecessor-version":[{"id":55,"href":"https:\/\/crmvt.fr\/strasbourg-nancy\/wp-json\/wp\/v2\/pages\/53\/revisions\/55"}],"wp:attachment":[{"href":"https:\/\/crmvt.fr\/strasbourg-nancy\/wp-json\/wp\/v2\/media?parent=53"}],"curies":[{"name":"wp","href":"https:\/\/api.w.org\/{rel}","templated":true}]}}

<!-- This site is optimized with the Yoast SEO plugin v18.2 - https://yoast.com/wordpress/plugins/seo/ -->
<title>Centres de Référence des Maladies Vectorielles liées aux Tiques - CRMVT</title>
<meta name="description" content="Prise en charge des maladies vectorielles liées aux tiques CRMVT du Grand Est - Strasbourg / Nancy" />
<meta name="robots" content="index, follow, max-snippet:-1, max-image-preview:large, max-video-preview:-1" />
<link rel="canonical" href="https://crmvt.fr/strasbourg-nancy/" />
<meta property="og:locale" content="fr_FR" />
<meta property="og:type" content="article" />
<meta property="og:title" content="Centres de Référence des Maladies Vectorielles liées aux Tiques - CRMVT" />
<meta property="og:description" content="Prise en charge des maladies vectorielles liées aux tiques CRMVT du Grand Est - Strasbourg / Nancy" />
<meta property="og:url" content="https://crmvt.fr/strasbourg-nancy/" />
<meta property="og:site_name" content="CRMVT Grand Est" />
<meta property="article:modified_time" content="2024-10-15T09:47:04+00:00" />
<meta name="twitter:card" content="summary_large_image" />
<script type="application/ld+json" class="yoast-schema-graph">{"@context":"https://schema.org","@graph":[{"@type":"WebSite","@id":"https://crmvt.fr/strasbourg-nancy/#website","url":"https://crmvt.fr/strasbourg-nancy/","name":"CRMVT Grand Est","description":"","potentialAction":[{"@type":"SearchAction","target":{"@type":"EntryPoint","urlTemplate":"https://crmvt.fr/strasbourg-nancy/?s={search_term_string}"},"query-input":"required name=search_term_string"}],"inLanguage":"fr-FR"},{"@type":"WebPage","@id":"https://crmvt.fr/strasbourg-nancy/#webpage","url":"https://crmvt.fr/strasbourg-nancy/","name":"Centres de Référence des Maladies Vectorielles liées aux Tiques - CRMVT","isPartOf":{"@id":"https://crmvt.fr/strasbourg-nancy/#website"},"datePublished":"2021-10-22T12:14:38+00:00","dateModified":"2024-10-15T09:47:04+00:00","description":"Prise en charge des maladies vectorielles liées aux tiques CRMVT du Grand Est - Strasbourg / Nancy","breadcrumb":{"@id":"https://crmvt.fr/strasbourg-nancy/#breadcrumb"},"inLanguage":"fr-FR","potentialAction":[{"@type":"ReadAction","target":["https://crmvt.fr/strasbourg-nancy/"]}]},{"@type":"BreadcrumbList","@id":"https://crmvt.fr/strasbourg-nancy/#breadcrumb","itemListElement":[{"@type":"ListItem","position":1,"name":"Accueil","item":"https://crmvt.fr/strasbourg-nancy/"},{"@type":"ListItem","position":2,"name":"Accueil"}]}]}</script>
<!-- / Yoast SEO plugin. -->

Centres de Référence des Maladies Vectorielles liées aux Tiques - CRMVT

Prise en charge des maladies vectorielles liées aux tiques CRMVT du Grand Est - Strasbourg / Nancy
