{"id":32,"date":"2021-10-22T14:14:06","date_gmt":"2021-10-22T12:14:06","guid":{"rendered":"http:\/\/crmvt.c18.fr\/paris\/?page_id=32"},"modified":"2024-03-01T12:34:22","modified_gmt":"2024-03-01T11:34:22","slug":"accueil","status":"publish","type":"page","link":"https:\/\/crmvt.fr\/paris\/","title":{"rendered":"Accueil"},"content":{"rendered":"","protected":false},"excerpt":{"rendered":"","protected":false},"author":1,"featured_media":0,"parent":0,"menu_order":0,"comment_status":"closed","ping_status":"closed","template":"","meta":[],"yoast_head":"<!-- This site is optimized with the Yoast SEO plugin v18.2 - https:\/\/yoast.com\/wordpress\/plugins\/seo\/ -->\n<title>Centre de R\u00e9f\u00e9rence des Maladies Vectorielles li\u00e9es aux Tiques<\/title>\n<meta name=\"description\" content=\"Prise en charge des maladies vectorielles li\u00e9es aux tiques CRMVT Ile-de-France et Hauts-de-France\" \/>\n<meta name=\"robots\" content=\"index, follow, max-snippet:-1, max-image-preview:large, max-video-preview:-1\" \/>\n<link rel=\"canonical\" href=\"https:\/\/crmvt.fr\/paris\/\" \/>\n<meta property=\"og:locale\" content=\"fr_FR\" \/>\n<meta property=\"og:type\" content=\"article\" \/>\n<meta property=\"og:title\" content=\"Centre de R\u00e9f\u00e9rence des Maladies Vectorielles li\u00e9es aux Tiques\" \/>\n<meta property=\"og:description\" content=\"Prise en charge des maladies vectorielles li\u00e9es aux tiques CRMVT Ile-de-France et Hauts-de-France\" \/>\n<meta property=\"og:url\" content=\"https:\/\/crmvt.fr\/paris\/\" \/>\n<meta property=\"og:site_name\" content=\"CRMVT Ile-de-France et Hauts-de-France\" \/>\n<meta property=\"article:modified_time\" content=\"2024-03-01T11:34:22+00:00\" \/>\n<meta name=\"twitter:card\" content=\"summary_large_image\" \/>\n<script type=\"application\/ld+json\" class=\"yoast-schema-graph\">{\"@context\":\"https:\/\/schema.org\",\"@graph\":[{\"@type\":\"WebSite\",\"@id\":\"https:\/\/crmvt.fr\/paris\/#website\",\"url\":\"https:\/\/crmvt.fr\/paris\/\",\"name\":\"CRMVT Ile-de-France et Hauts-de-France\",\"description\":\"\",\"potentialAction\":[{\"@type\":\"SearchAction\",\"target\":{\"@type\":\"EntryPoint\",\"urlTemplate\":\"https:\/\/crmvt.fr\/paris\/?s={search_term_string}\"},\"query-input\":\"required name=search_term_string\"}],\"inLanguage\":\"fr-FR\"},{\"@type\":[\"WebPage\",\"MedicalWebPage\"],\"@id\":\"https:\/\/crmvt.fr\/paris\/#webpage\",\"url\":\"https:\/\/crmvt.fr\/paris\/\",\"name\":\"Centre de R\u00e9f\u00e9rence des Maladies Vectorielles li\u00e9es aux Tiques\",\"isPartOf\":{\"@id\":\"https:\/\/crmvt.fr\/paris\/#website\"},\"datePublished\":\"2021-10-22T12:14:06+00:00\",\"dateModified\":\"2024-03-01T11:34:22+00:00\",\"description\":\"Prise en charge des maladies vectorielles li\u00e9es aux tiques CRMVT Ile-de-France et Hauts-de-France\",\"breadcrumb\":{\"@id\":\"https:\/\/crmvt.fr\/paris\/#breadcrumb\"},\"inLanguage\":\"fr-FR\",\"potentialAction\":[{\"@type\":\"ReadAction\",\"target\":[\"https:\/\/crmvt.fr\/paris\/\"]}]},{\"@type\":\"BreadcrumbList\",\"@id\":\"https:\/\/crmvt.fr\/paris\/#breadcrumb\",\"itemListElement\":[{\"@type\":\"ListItem\",\"position\":1,\"name\":\"Accueil\",\"item\":\"https:\/\/crmvt.fr\/paris\/\"},{\"@type\":\"ListItem\",\"position\":2,\"name\":\"Accueil\"}]}]}<\/script>\n<!-- \/ Yoast SEO plugin. -->","yoast_head_json":{"title":"Centre de R\u00e9f\u00e9rence des Maladies Vectorielles li\u00e9es aux Tiques","description":"Prise en charge des maladies vectorielles li\u00e9es aux tiques CRMVT Ile-de-France et Hauts-de-France","robots":{"index":"index","follow":"follow","max-snippet":"max-snippet:-1","max-image-preview":"max-image-preview:large","max-video-preview":"max-video-preview:-1"},"canonical":"https:\/\/crmvt.fr\/paris\/","og_locale":"fr_FR","og_type":"article","og_title":"Centre de R\u00e9f\u00e9rence des Maladies Vectorielles li\u00e9es aux Tiques","og_description":"Prise en charge des maladies vectorielles li\u00e9es aux tiques CRMVT Ile-de-France et Hauts-de-France","og_url":"https:\/\/crmvt.fr\/paris\/","og_site_name":"CRMVT Ile-de-France et Hauts-de-France","article_modified_time":"2024-03-01T11:34:22+00:00","twitter_card":"summary_large_image","schema":{"@context":"https:\/\/schema.org","@graph":[{"@type":"WebSite","@id":"https:\/\/crmvt.fr\/paris\/#website","url":"https:\/\/crmvt.fr\/paris\/","name":"CRMVT Ile-de-France et Hauts-de-France","description":"","potentialAction":[{"@type":"SearchAction","target":{"@type":"EntryPoint","urlTemplate":"https:\/\/crmvt.fr\/paris\/?s={search_term_string}"},"query-input":"required name=search_term_string"}],"inLanguage":"fr-FR"},{"@type":["WebPage","MedicalWebPage"],"@id":"https:\/\/crmvt.fr\/paris\/#webpage","url":"https:\/\/crmvt.fr\/paris\/","name":"Centre de R\u00e9f\u00e9rence des Maladies Vectorielles li\u00e9es aux Tiques","isPartOf":{"@id":"https:\/\/crmvt.fr\/paris\/#website"},"datePublished":"2021-10-22T12:14:06+00:00","dateModified":"2024-03-01T11:34:22+00:00","description":"Prise en charge des maladies vectorielles li\u00e9es aux tiques CRMVT Ile-de-France et Hauts-de-France","breadcrumb":{"@id":"https:\/\/crmvt.fr\/paris\/#breadcrumb"},"inLanguage":"fr-FR","potentialAction":[{"@type":"ReadAction","target":["https:\/\/crmvt.fr\/paris\/"]}]},{"@type":"BreadcrumbList","@id":"https:\/\/crmvt.fr\/paris\/#breadcrumb","itemListElement":[{"@type":"ListItem","position":1,"name":"Accueil","item":"https:\/\/crmvt.fr\/paris\/"},{"@type":"ListItem","position":2,"name":"Accueil"}]}]}},"_links":{"self":[{"href":"https:\/\/crmvt.fr\/paris\/wp-json\/wp\/v2\/pages\/32"}],"collection":[{"href":"https:\/\/crmvt.fr\/paris\/wp-json\/wp\/v2\/pages"}],"about":[{"href":"https:\/\/crmvt.fr\/paris\/wp-json\/wp\/v2\/types\/page"}],"author":[{"embeddable":true,"href":"https:\/\/crmvt.fr\/paris\/wp-json\/wp\/v2\/users\/1"}],"replies":[{"embeddable":true,"href":"https:\/\/crmvt.fr\/paris\/wp-json\/wp\/v2\/comments?post=32"}],"version-history":[{"count":1,"href":"https:\/\/crmvt.fr\/paris\/wp-json\/wp\/v2\/pages\/32\/revisions"}],"predecessor-version":[{"id":34,"href":"https:\/\/crmvt.fr\/paris\/wp-json\/wp\/v2\/pages\/32\/revisions\/34"}],"wp:attachment":[{"href":"https:\/\/crmvt.fr\/paris\/wp-json\/wp\/v2\/media?parent=32"}],"curies":[{"name":"wp","href":"https:\/\/api.w.org\/{rel}","templated":true}]}}

<!-- This site is optimized with the Yoast SEO plugin v18.2 - https://yoast.com/wordpress/plugins/seo/ -->
<title>Centre de Référence des Maladies Vectorielles liées aux Tiques</title>
<meta name="description" content="Prise en charge des maladies vectorielles liées aux tiques CRMVT Ile-de-France et Hauts-de-France" />
<meta name="robots" content="index, follow, max-snippet:-1, max-image-preview:large, max-video-preview:-1" />
<link rel="canonical" href="https://crmvt.fr/paris/" />
<meta property="og:locale" content="fr_FR" />
<meta property="og:type" content="article" />
<meta property="og:title" content="Centre de Référence des Maladies Vectorielles liées aux Tiques" />
<meta property="og:description" content="Prise en charge des maladies vectorielles liées aux tiques CRMVT Ile-de-France et Hauts-de-France" />
<meta property="og:url" content="https://crmvt.fr/paris/" />
<meta property="og:site_name" content="CRMVT Ile-de-France et Hauts-de-France" />
<meta property="article:modified_time" content="2024-03-01T11:34:22+00:00" />
<meta name="twitter:card" content="summary_large_image" />
<script type="application/ld+json" class="yoast-schema-graph">{"@context":"https://schema.org","@graph":[{"@type":"WebSite","@id":"https://crmvt.fr/paris/#website","url":"https://crmvt.fr/paris/","name":"CRMVT Ile-de-France et Hauts-de-France","description":"","potentialAction":[{"@type":"SearchAction","target":{"@type":"EntryPoint","urlTemplate":"https://crmvt.fr/paris/?s={search_term_string}"},"query-input":"required name=search_term_string"}],"inLanguage":"fr-FR"},{"@type":["WebPage","MedicalWebPage"],"@id":"https://crmvt.fr/paris/#webpage","url":"https://crmvt.fr/paris/","name":"Centre de Référence des Maladies Vectorielles liées aux Tiques","isPartOf":{"@id":"https://crmvt.fr/paris/#website"},"datePublished":"2021-10-22T12:14:06+00:00","dateModified":"2024-03-01T11:34:22+00:00","description":"Prise en charge des maladies vectorielles liées aux tiques CRMVT Ile-de-France et Hauts-de-France","breadcrumb":{"@id":"https://crmvt.fr/paris/#breadcrumb"},"inLanguage":"fr-FR","potentialAction":[{"@type":"ReadAction","target":["https://crmvt.fr/paris/"]}]},{"@type":"BreadcrumbList","@id":"https://crmvt.fr/paris/#breadcrumb","itemListElement":[{"@type":"ListItem","position":1,"name":"Accueil","item":"https://crmvt.fr/paris/"},{"@type":"ListItem","position":2,"name":"Accueil"}]}]}</script>
<!-- / Yoast SEO plugin. -->

Centre de Référence des Maladies Vectorielles liées aux Tiques

Prise en charge des maladies vectorielles liées aux tiques CRMVT Ile-de-France et Hauts-de-France
