{"id":33,"date":"2021-10-22T14:13:23","date_gmt":"2021-10-22T12:13:23","guid":{"rendered":"http:\/\/crmvt.c18.fr\/clermont-fd-st-etienne\/?page_id=33"},"modified":"2024-10-15T11:46:09","modified_gmt":"2024-10-15T09:46:09","slug":"accueil","status":"publish","type":"page","link":"https:\/\/crmvt.fr\/clermont-fd-st-etienne\/","title":{"rendered":"Accueil"},"content":{"rendered":"","protected":false},"excerpt":{"rendered":"","protected":false},"author":1,"featured_media":0,"parent":0,"menu_order":0,"comment_status":"closed","ping_status":"closed","template":"","meta":[],"yoast_head":"<!-- This site is optimized with the Yoast SEO plugin v18.2 - https:\/\/yoast.com\/wordpress\/plugins\/seo\/ -->\n<title>CRMVT Nouvelle Aquitaine Sud et Auvergne-Rh\u00f4ne-Alpes<\/title>\n<meta name=\"description\" content=\"La Direction G\u00e9n\u00e9rale de la Sant\u00e9 et la Direction G\u00e9n\u00e9rale de l\u2019Offre de Soins ont d\u00e9sign\u00e9s, dans le cadre d&#039;un plan national, 5 Centres de R\u00e9f\u00e9rence en France, dont le CRMVT Clermont-Fd - St-Etienne fait parti, pour la prise en charge des Maladies Vectorielles li\u00e9es aux Tiques\" \/>\n<meta name=\"robots\" content=\"index, follow, max-snippet:-1, max-image-preview:large, max-video-preview:-1\" \/>\n<link rel=\"canonical\" href=\"https:\/\/crmvt.fr\/clermont-fd-st-etienne\/\" \/>\n<meta property=\"og:locale\" content=\"fr_FR\" \/>\n<meta property=\"og:type\" content=\"article\" \/>\n<meta property=\"og:title\" content=\"CRMVT Nouvelle Aquitaine Sud et Auvergne-Rh\u00f4ne-Alpes | Clermont-Fd - St-Etienne\" \/>\n<meta property=\"og:description\" content=\"La Direction G\u00e9n\u00e9rale de la Sant\u00e9 et la Direction G\u00e9n\u00e9rale de l\u2019Offre de Soins ont d\u00e9sign\u00e9s, dans le cadre d&#039;un plan national, 5 Centres de R\u00e9f\u00e9rence en France, dont le CRMVT Clermont-Fd - St-Etienne fait parti, pour la prise en charge des Maladies Vectorielles li\u00e9es aux Tiques\" \/>\n<meta property=\"og:url\" content=\"https:\/\/crmvt.fr\/clermont-fd-st-etienne\/\" \/>\n<meta property=\"og:site_name\" content=\"CRMVT Nouvelle Aquitaine Sud et Auvergne-Rh\u00f4ne-Alpes\" \/>\n<meta property=\"article:modified_time\" content=\"2024-10-15T09:46:09+00:00\" \/>\n<meta property=\"og:image\" content=\"https:\/\/crmvt.fr\/clermont-fd-st-etienne\/wp-content\/uploads\/sites\/5\/2021\/10\/accueil-CRMVT.jpg\" \/>\n\t<meta property=\"og:image:width\" content=\"1920\" \/>\n\t<meta property=\"og:image:height\" content=\"511\" \/>\n\t<meta property=\"og:image:type\" content=\"image\/jpeg\" \/>\n<meta name=\"twitter:card\" content=\"summary_large_image\" \/>\n<meta name=\"twitter:title\" content=\"CRMVT Nouvelle Aquitaine Sud et Auvergne-Rh\u00f4ne-Alpes | Clermont-Fd - St-Etienne\" \/>\n<meta name=\"twitter:description\" content=\"La Direction G\u00e9n\u00e9rale de la Sant\u00e9 et la Direction G\u00e9n\u00e9rale de l\u2019Offre de Soins ont d\u00e9sign\u00e9s, dans le cadre d&#039;un plan national, 5 Centres de R\u00e9f\u00e9rence en France, dont le CRMVT Clermont-Fd - St-Etienne fait parti, pour la prise en charge des Maladies Vectorielles li\u00e9es aux Tiques\" \/>\n<meta name=\"twitter:image\" content=\"https:\/\/crmvt.fr\/clermont-fd-st-etienne\/wp-content\/uploads\/sites\/5\/2021\/10\/accueil-CRMVT.jpg\" \/>\n<script type=\"application\/ld+json\" class=\"yoast-schema-graph\">{\"@context\":\"https:\/\/schema.org\",\"@graph\":[{\"@type\":\"Organization\",\"@id\":\"https:\/\/crmvt.fr\/clermont-fd-st-etienne\/#organization\",\"name\":\"CRMVT Clermont-Ferrand - Saint-Etienne\",\"url\":\"https:\/\/crmvt.fr\/clermont-fd-st-etienne\/\",\"sameAs\":[],\"logo\":{\"@type\":\"ImageObject\",\"@id\":\"https:\/\/crmvt.fr\/clermont-fd-st-etienne\/#logo\",\"inLanguage\":\"fr-FR\",\"url\":\"https:\/\/crmvt.fr\/clermont-fd-st-etienne\/wp-content\/uploads\/sites\/5\/2021\/10\/Logo-CRMVT-2-Nouvelle-Aquitaine-Sud-Auvergne-Rho\u0302ne-Alpes.svg\",\"contentUrl\":\"https:\/\/crmvt.fr\/clermont-fd-st-etienne\/wp-content\/uploads\/sites\/5\/2021\/10\/Logo-CRMVT-2-Nouvelle-Aquitaine-Sud-Auvergne-Rho\u0302ne-Alpes.svg\",\"width\":\"1024\",\"height\":\"1024\",\"caption\":\"CRMVT Clermont-Ferrand - Saint-Etienne\"},\"image\":{\"@id\":\"https:\/\/crmvt.fr\/clermont-fd-st-etienne\/#logo\"}},{\"@type\":\"WebSite\",\"@id\":\"https:\/\/crmvt.fr\/clermont-fd-st-etienne\/#website\",\"url\":\"https:\/\/crmvt.fr\/clermont-fd-st-etienne\/\",\"name\":\"CRMVT Nouvelle Aquitaine Sud et Auvergne-Rh\u00f4ne-Alpes\",\"description\":\"\",\"publisher\":{\"@id\":\"https:\/\/crmvt.fr\/clermont-fd-st-etienne\/#organization\"},\"potentialAction\":[{\"@type\":\"SearchAction\",\"target\":{\"@type\":\"EntryPoint\",\"urlTemplate\":\"https:\/\/crmvt.fr\/clermont-fd-st-etienne\/?s={search_term_string}\"},\"query-input\":\"required name=search_term_string\"}],\"inLanguage\":\"fr-FR\"},{\"@type\":\"ImageObject\",\"@id\":\"https:\/\/crmvt.fr\/clermont-fd-st-etienne\/#primaryimage\",\"inLanguage\":\"fr-FR\",\"url\":\"https:\/\/crmvt.fr\/clermont-fd-st-etienne\/wp-content\/uploads\/sites\/5\/2021\/10\/accueil-CRMVT.jpg\",\"contentUrl\":\"https:\/\/crmvt.fr\/clermont-fd-st-etienne\/wp-content\/uploads\/sites\/5\/2021\/10\/accueil-CRMVT.jpg\",\"width\":1920,\"height\":511},{\"@type\":[\"WebPage\",\"MedicalWebPage\"],\"@id\":\"https:\/\/crmvt.fr\/clermont-fd-st-etienne\/#webpage\",\"url\":\"https:\/\/crmvt.fr\/clermont-fd-st-etienne\/\",\"name\":\"CRMVT Nouvelle Aquitaine Sud et Auvergne-Rh\u00f4ne-Alpes\",\"isPartOf\":{\"@id\":\"https:\/\/crmvt.fr\/clermont-fd-st-etienne\/#website\"},\"datePublished\":\"2021-10-22T12:13:23+00:00\",\"dateModified\":\"2024-10-15T09:46:09+00:00\",\"description\":\"La Direction G\u00e9n\u00e9rale de la Sant\u00e9 et la Direction G\u00e9n\u00e9rale de l\u2019Offre de Soins ont d\u00e9sign\u00e9s, dans le cadre d'un plan national, 5 Centres de R\u00e9f\u00e9rence en France, dont le CRMVT Clermont-Fd - St-Etienne fait parti, pour la prise en charge des Maladies Vectorielles li\u00e9es aux Tiques\",\"breadcrumb\":{\"@id\":\"https:\/\/crmvt.fr\/clermont-fd-st-etienne\/#breadcrumb\"},\"inLanguage\":\"fr-FR\",\"potentialAction\":[{\"@type\":\"ReadAction\",\"target\":[\"https:\/\/crmvt.fr\/clermont-fd-st-etienne\/\"]}]},{\"@type\":\"BreadcrumbList\",\"@id\":\"https:\/\/crmvt.fr\/clermont-fd-st-etienne\/#breadcrumb\",\"itemListElement\":[{\"@type\":\"ListItem\",\"position\":1,\"name\":\"Accueil\",\"item\":\"https:\/\/crmvt.fr\/clermont-fd-st-etienne\/\"},{\"@type\":\"ListItem\",\"position\":2,\"name\":\"Accueil\"}]}]}<\/script>\n<!-- \/ Yoast SEO plugin. -->","yoast_head_json":{"title":"CRMVT Nouvelle Aquitaine Sud et Auvergne-Rh\u00f4ne-Alpes","description":"La Direction G\u00e9n\u00e9rale de la Sant\u00e9 et la Direction G\u00e9n\u00e9rale de l\u2019Offre de Soins ont d\u00e9sign\u00e9s, dans le cadre d'un plan national, 5 Centres de R\u00e9f\u00e9rence en France, dont le CRMVT Clermont-Fd - St-Etienne fait parti, pour la prise en charge des Maladies Vectorielles li\u00e9es aux Tiques","robots":{"index":"index","follow":"follow","max-snippet":"max-snippet:-1","max-image-preview":"max-image-preview:large","max-video-preview":"max-video-preview:-1"},"canonical":"https:\/\/crmvt.fr\/clermont-fd-st-etienne\/","og_locale":"fr_FR","og_type":"article","og_title":"CRMVT Nouvelle Aquitaine Sud et Auvergne-Rh\u00f4ne-Alpes | Clermont-Fd - St-Etienne","og_description":"La Direction G\u00e9n\u00e9rale de la Sant\u00e9 et la Direction G\u00e9n\u00e9rale de l\u2019Offre de Soins ont d\u00e9sign\u00e9s, dans le cadre d'un plan national, 5 Centres de R\u00e9f\u00e9rence en France, dont le CRMVT Clermont-Fd - St-Etienne fait parti, pour la prise en charge des Maladies Vectorielles li\u00e9es aux Tiques","og_url":"https:\/\/crmvt.fr\/clermont-fd-st-etienne\/","og_site_name":"CRMVT Nouvelle Aquitaine Sud et Auvergne-Rh\u00f4ne-Alpes","article_modified_time":"2024-10-15T09:46:09+00:00","og_image":[{"width":1920,"height":511,"url":"https:\/\/crmvt.fr\/clermont-fd-st-etienne\/wp-content\/uploads\/sites\/5\/2021\/10\/accueil-CRMVT.jpg","type":"image\/jpeg"}],"twitter_card":"summary_large_image","twitter_title":"CRMVT Nouvelle Aquitaine Sud et Auvergne-Rh\u00f4ne-Alpes | Clermont-Fd - St-Etienne","twitter_description":"La Direction G\u00e9n\u00e9rale de la Sant\u00e9 et la Direction G\u00e9n\u00e9rale de l\u2019Offre de Soins ont d\u00e9sign\u00e9s, dans le cadre d'un plan national, 5 Centres de R\u00e9f\u00e9rence en France, dont le CRMVT Clermont-Fd - St-Etienne fait parti, pour la prise en charge des Maladies Vectorielles li\u00e9es aux Tiques","twitter_image":"https:\/\/crmvt.fr\/clermont-fd-st-etienne\/wp-content\/uploads\/sites\/5\/2021\/10\/accueil-CRMVT.jpg","schema":{"@context":"https:\/\/schema.org","@graph":[{"@type":"Organization","@id":"https:\/\/crmvt.fr\/clermont-fd-st-etienne\/#organization","name":"CRMVT Clermont-Ferrand - Saint-Etienne","url":"https:\/\/crmvt.fr\/clermont-fd-st-etienne\/","sameAs":[],"logo":{"@type":"ImageObject","@id":"https:\/\/crmvt.fr\/clermont-fd-st-etienne\/#logo","inLanguage":"fr-FR","url":"https:\/\/crmvt.fr\/clermont-fd-st-etienne\/wp-content\/uploads\/sites\/5\/2021\/10\/Logo-CRMVT-2-Nouvelle-Aquitaine-Sud-Auvergne-Rho\u0302ne-Alpes.svg","contentUrl":"https:\/\/crmvt.fr\/clermont-fd-st-etienne\/wp-content\/uploads\/sites\/5\/2021\/10\/Logo-CRMVT-2-Nouvelle-Aquitaine-Sud-Auvergne-Rho\u0302ne-Alpes.svg","width":"1024","height":"1024","caption":"CRMVT Clermont-Ferrand - Saint-Etienne"},"image":{"@id":"https:\/\/crmvt.fr\/clermont-fd-st-etienne\/#logo"}},{"@type":"WebSite","@id":"https:\/\/crmvt.fr\/clermont-fd-st-etienne\/#website","url":"https:\/\/crmvt.fr\/clermont-fd-st-etienne\/","name":"CRMVT Nouvelle Aquitaine Sud et Auvergne-Rh\u00f4ne-Alpes","description":"","publisher":{"@id":"https:\/\/crmvt.fr\/clermont-fd-st-etienne\/#organization"},"potentialAction":[{"@type":"SearchAction","target":{"@type":"EntryPoint","urlTemplate":"https:\/\/crmvt.fr\/clermont-fd-st-etienne\/?s={search_term_string}"},"query-input":"required name=search_term_string"}],"inLanguage":"fr-FR"},{"@type":"ImageObject","@id":"https:\/\/crmvt.fr\/clermont-fd-st-etienne\/#primaryimage","inLanguage":"fr-FR","url":"https:\/\/crmvt.fr\/clermont-fd-st-etienne\/wp-content\/uploads\/sites\/5\/2021\/10\/accueil-CRMVT.jpg","contentUrl":"https:\/\/crmvt.fr\/clermont-fd-st-etienne\/wp-content\/uploads\/sites\/5\/2021\/10\/accueil-CRMVT.jpg","width":1920,"height":511},{"@type":["WebPage","MedicalWebPage"],"@id":"https:\/\/crmvt.fr\/clermont-fd-st-etienne\/#webpage","url":"https:\/\/crmvt.fr\/clermont-fd-st-etienne\/","name":"CRMVT Nouvelle Aquitaine Sud et Auvergne-Rh\u00f4ne-Alpes","isPartOf":{"@id":"https:\/\/crmvt.fr\/clermont-fd-st-etienne\/#website"},"datePublished":"2021-10-22T12:13:23+00:00","dateModified":"2024-10-15T09:46:09+00:00","description":"La Direction G\u00e9n\u00e9rale de la Sant\u00e9 et la Direction G\u00e9n\u00e9rale de l\u2019Offre de Soins ont d\u00e9sign\u00e9s, dans le cadre d'un plan national, 5 Centres de R\u00e9f\u00e9rence en France, dont le CRMVT Clermont-Fd - St-Etienne fait parti, pour la prise en charge des Maladies Vectorielles li\u00e9es aux Tiques","breadcrumb":{"@id":"https:\/\/crmvt.fr\/clermont-fd-st-etienne\/#breadcrumb"},"inLanguage":"fr-FR","potentialAction":[{"@type":"ReadAction","target":["https:\/\/crmvt.fr\/clermont-fd-st-etienne\/"]}]},{"@type":"BreadcrumbList","@id":"https:\/\/crmvt.fr\/clermont-fd-st-etienne\/#breadcrumb","itemListElement":[{"@type":"ListItem","position":1,"name":"Accueil","item":"https:\/\/crmvt.fr\/clermont-fd-st-etienne\/"},{"@type":"ListItem","position":2,"name":"Accueil"}]}]}},"_links":{"self":[{"href":"https:\/\/crmvt.fr\/clermont-fd-st-etienne\/wp-json\/wp\/v2\/pages\/33"}],"collection":[{"href":"https:\/\/crmvt.fr\/clermont-fd-st-etienne\/wp-json\/wp\/v2\/pages"}],"about":[{"href":"https:\/\/crmvt.fr\/clermont-fd-st-etienne\/wp-json\/wp\/v2\/types\/page"}],"author":[{"embeddable":true,"href":"https:\/\/crmvt.fr\/clermont-fd-st-etienne\/wp-json\/wp\/v2\/users\/1"}],"replies":[{"embeddable":true,"href":"https:\/\/crmvt.fr\/clermont-fd-st-etienne\/wp-json\/wp\/v2\/comments?post=33"}],"version-history":[{"count":2,"href":"https:\/\/crmvt.fr\/clermont-fd-st-etienne\/wp-json\/wp\/v2\/pages\/33\/revisions"}],"predecessor-version":[{"id":101,"href":"https:\/\/crmvt.fr\/clermont-fd-st-etienne\/wp-json\/wp\/v2\/pages\/33\/revisions\/101"}],"wp:attachment":[{"href":"https:\/\/crmvt.fr\/clermont-fd-st-etienne\/wp-json\/wp\/v2\/media?parent=33"}],"curies":[{"name":"wp","href":"https:\/\/api.w.org\/{rel}","templated":true}]}}